t z = -29 + l. Calculate the highest common factor of z and 5.
5
Suppose 249 + 367 = 7*h. Let w = h + -64. What is the highest common divisor of w and 16?
8
Suppose 30*s - 29*s - 20 = 0. What is the greatest common factor of s and 740?
20
Let m = 19 + 0. Let a(t) = -t + 175. Let g be a(4). Calculate the highest common divisor of m and g.
19
Suppose 89 = s + 32. Suppose -43 - s = -5*a. What is the greatest common factor of 5 and a?
5
Let v(b) = 9*b**2 - 1. Let n be v(1). Suppose n = -6*p + 7*p. What is the greatest common factor of 4 and p?
4
Suppose 2*b - 24 - 88 = 0. Suppose 0 = -0*o - 4*o + 112. Calculate the highest common divisor of o and b.
28
Let d be -1 - (2 + -3 + 2) - -2. Suppose 5*m - p - 503 = 3*p, d = 2*m + p - 196. Calculate the highest common divisor of 11 and m.
11
Let w(c) = 2*c**2 + 2*c - 10. Let b be w(7). Let f(t) = 3*t - 71. Let x be f(35). What is the greatest common divisor of x and b?
34
Suppose 5*b + 3*z - 45 = 0, 5*b - 2*b - z = 27. Let v be 16/(-6)*b/(-12). Let w be v - -34 - (-1 - 2). Calculate the greatest common factor of w and 13.
13
Let v(s) = -2*s - 4. Let d be v(-3). Let b be (-46 + 2 - 0)*(-4)/8. Calculate the highest common factor of d and b.
2
Let l(n) = 41*n**2 - 18*n - 19. Let m be l(-1). Calculate the greatest common factor of 150 and m.
10
Suppose -5*n = -3*a + 7*a - 241, -2*n = a - 94. What is the highest common divisor of 75 and n?
15
Suppose -c + 4 = -z, 15*c - 12*c + 3*z - 12 = 0. Let p = 4 - -12. What is the highest common divisor of p and c?
4
Let u be 10*(0 - -6 - -10). Calculate the highest common divisor of u and 128.
32
Let i be 24/(-40) + ((-36)/15 - -1). Let l = 6 - i. Let k = -105 + 169. What is the greatest common divisor of k and l?
8
Suppose -3*k - 2*n + 128 = 0, -4*k - 6*n + 2*n = -168. Suppose -l - 2*l - 5*g = -53, 4*g - 27 = -l. Calculate the highest common divisor of l and k.
11
Let d = -27 + 66. Let p(a) = -445*a + 351. Let o be p(0). What is the highest common factor of d and o?
39
Let v = -10 - -22. What is the highest common factor of v and 120?
12
Let m(b) = -155*b**3 + 5*b**2 + 23*b + 1. Let z be m(-2). Calculate the highest common divisor of z and 45.
45
Suppose 2*c = -4*k + 262, 0 = 6*c - 3*c + 5*k - 394. What is the highest common factor of 38 and c?
19
Let a = 372 - 357. Calculate the greatest common factor of a and 195.
15
Suppose -3*l + 0*l = -5*b + 65, -4*b - 5*l = -89. Suppose 0 = -k + 4*k - 75. Let c = k + -1. What is the highest common factor of b and c?
8
Suppose 0 = 69*q - 20*q - 1078. Let t be 23 + -2 + (0 - -1). Calculate the highest common factor of t and q.
22
Suppose -4*h = -5*h + 7. Let x be -5 + 24/3 + 72/1. Let u = x + -12. What is the highest common divisor of h and u?
7
Let f = -2972 + 997. Let r be f/(-15) + 2/6. Suppose 3*m - 3 - r = 0. Calculate the greatest common divisor of m and 5.
5
Let h be 3 - (-6 - 4/(-4)). Let l(g) = -g**2 + 16*g - 1. Let v be l(h). What is the greatest common factor of v and 9?
9
Suppose 1310 = 4*o + 2*j, -3*j + 1335 = 4*o - 6*j. Calculate the greatest common divisor of o and 30.
30
Suppose 29*t = 16*t + 2457. Let g be (-351)/(-15) - 4/10. Suppose -r + g = 5*o - 4*o, r = -5*o + 107. What is the greatest common divisor of t and o?
21
Let b(m) = -m**2 - 8*m + 13. Let t be b(-9). Suppose -34 - 8 = -5*q - 3*u, -4*q + t*u = -40. What is the greatest common divisor of 36 and q?
9
Suppose -7*k = -28 - 42. What is the greatest common factor of k and 18?
2
Let b be (9/3 - -5)/((-4)/(-54)). Calculate the highest common divisor of 4 and b.
4
Let x = 59 + -26. Suppose -2*c - 5*o + 10*o - 74 = 0, -2*o = 3*c + 73. Let d = -24 - c. Calculate the highest common divisor of x and d.
3
Let l(d) = 3*d**3 - 27*d**2 - 4*d + 158. Let c be l(15). Calculate the highest common divisor of c and 68.
68
Let o = -401 + 374. Let p = -27 + 12. Let y = p - o. What is the highest common factor of y and 84?
12
Let p(t) = -2*t**3 - 6*t**2 - 6*t - 3. Let c be p(-2). Suppose -5*r - 5*s = -160, 9 = 5*s - c. Calculate the greatest common factor of 150 and r.
30
Let p(u) = -u**3 + 11*u**2 + 21*u - 27. Let c be p(12). What is the highest common factor of c and 135?
27
Let i(j) = -3*j + 694. Let b be i(55). Calculate the highest common divisor of 23 and b.
23
Let h(p) = p**3 + 2*p**2 + p + 10. Let u be h(-3). Let v(x) = -5*x + 3. Let q be v(u). What is the greatest common divisor of q and 13?
13
Suppose -2*p + 4 = 0, y - 3*p - 109 = -0*p. Suppose -4*o - y = -9*o. What is the highest common divisor of o and 69?
23
Let l(y) = y**3 - y + 1. Let m(b) = 6*b**3 + 2*b**2 + 2*b + 5. Let g(r) = -5*l(r) + m(r). Let z be g(6). Calculate the highest common divisor of 30 and z.
30
Let m = 24 + -20. Suppose 0*u = -3*u - 3*x + 12, 0 = -m*u + 4*x + 8. Suppose p - u*p + 36 = 0. What is the greatest common factor of p and 54?
18
Let i = 3604 - 3589. Let r = -19 + 49. What is the highest common factor of r and i?
15
Let k = -10 + 26. Let t be (-54)/(-8) + (-12)/k. Suppose -2*p + 30 = -o, 0 = -3*p + o + 13 + 32. Calculate the highest common divisor of p and t.
3
Let v = 859 - 844. Calculate the highest common divisor of v and 1005.
15
Suppose 11*z = 13*z - 10. Suppose 0*x + z*x = 35. Calculate the highest common factor of 21 and x.
7
Let l be (13/2)/(8/112). What is the highest common divisor of l and 65?
13
Let q be (6 - (-8)/(-4)) + 9. Let j(i) = -3*i - 6. Let z be j(4). Let c be (9/z)/((-1)/26). What is the highest common factor of c and q?
13
Suppose 2*t = 2*n - 62, 5*n - 145 = 4*t - t. Suppose -27 = -2*w + 3*v, -7*v = -2*w - 3*v + n. What is the highest common divisor of w and 165?
15
Let l(g) = 9*g**2 + 8*g - 2. Let d = 18 + -15. Suppose 0 = 3*a - 0*a + 4*w, 5*a + d*w + 11 = 0. Let x be l(a). What is the greatest common divisor of x and 10?
10
Suppose -5*z = 5*z - 1950. What is the highest common factor of 15 and z?
15
Suppose 6*f = 4*f + 20. Suppose 0 = s - 7 - 34. Suppose 5*x + 31 - s = 0. What is the highest common factor of f and x?
2
Let j = -62 + 23. Let x = j - -60. Let k(l) = -l**3 - 9*l**2 - 9*l + 6. Let p be k(-8). What is the greatest common divisor of p and x?
7
Let n(j) = j**3 + 8*j**2 - 8*j + 7. Let y be n(-9). Let l be y/4*(6 + -10). Suppose -l*h = h - 483. What is the greatest common divisor of h and 23?
23
Let h(p) be the second derivative of -p**4/12 + 10*p**3/3 - 9*p**2 - 2*p. Let q be h(18). What is the greatest common factor of 144 and q?
18
Let l be (-24)/30 + (-34)/(-5). What is the greatest common divisor of 15 and l?
3
Let q be 438 - (140/245 - 3/(-7)). Calculate the greatest common divisor of 19 and q.
19
Let h = 237 - 68. Calculate the greatest common divisor of h and 13.
13
Let a = -44 - -47. Suppose 0 = 5*t - 4*p - 548, 0 = a*t + 4*p - 3*p - 339. What is the greatest common factor of 16 and t?
16
Let b(c) = c**3 - 11*c**2 + 21*c + 10. Let p be b(10). Calculate the highest common divisor of p and 90.
30
Let j(s) = -5*s + 45. Let q be j(8). Suppose -96 = -q*v + 3*n, v + 2*v - 62 = 4*n. Calculate the greatest common factor of 198 and v.
18
Let a(c) = -c + 24. Suppose 82 + 58 = 10*h. Let i be a(h). Calculate the greatest common factor of 70 and i.
10
Let g(y) = 607*y**2 - 8*y - 4. Let u be g(-1). Calculate the greatest common divisor of 47 and u.
47
Let i(t) = t + 8. Let c be i(-5). Suppose c*j = 202 + 8. Suppose z + 0 = j. What is the highest common divisor of z and 28?
14
Let o(w) = 17*w**3 + w**2 + w + 1. Let p be o(-1). Let z be p/4*2*-1. What is the greatest common divisor of z and 24?
8
Suppose -22*c = -20*c - 38. Calculate the greatest common factor of c and 589.
19
Let j = 507 - -95. What is the greatest common divisor of j and 70?
14
Let z(m) = -17*m + 25. Let v be z(1). Let g be 33 - (-1 + (3 - 1)). What is the highest common factor of v and g?
8
Let k(x) = 13*x**2 - 8*x - 2. Let g be k(1). What is the highest common divisor of g and 12?
3
Let d(u) = 119*u + 127. Let r be d(5). What is the highest common factor of 57 and r?
19
Suppose -2*u + 0*u = -232. Suppose 0*a + 2*a = -4*m + 264, 3*a + u = 2*m. Suppose 7*y = 2*y + 800. What is the greatest common divisor of y and m?
32
Suppose 0 = i - 5, -g + 46 = 3*i + 9. Suppose -g = 2*d + 42. Let b = 92 + d. Calculate the highest common factor of b and 12.
12
Let a be 5 + (-5 + 2 - -34). What is the grea